8597
List the prime factors of 2071159.
2071159
List the prime factors of 217809.
3, 2689
List the prime factors of 8244484.
2, 67, 30763
What are the prime factors of 5087569?
5087569
What are the prime factors of 332337?
3, 47, 2357
What are the prime factors of 8598594?
2, 3, 31, 46229
What are the prime factors of 1804931?
29, 109, 571
What are the prime factors of 481874?
2, 479, 503
What are the prime factors of 416146?
2, 208073
List the prime factors of 16484115.
3, 5, 19, 57839
What are the prime factors of 418335?
3, 5, 167
List the prime factors of 2410292.
2, 743, 811
List the prime factors of 18888813.
3, 2098757
List the prime factors of 851145.
3, 5, 179, 317
What are the prime factors of 166294?
2, 17, 67, 73
What are the prime factors of 12208?
2, 7, 109
List the prime factors of 237601.
7, 13, 373
What are the prime factors of 2770439?
7, 17, 31, 751
What are the prime factors of 1748429?
151, 11579
List the prime factors of 112725.
3, 5, 167
List the prime factors of 177047.
13, 13619
List the prime factors of 44544.
2, 3, 29
What are the prime factors of 23010730?
2, 5, 47, 173, 283
List the prime factors of 1148415.
3, 5, 76561
List the prime factors of 1432690.
2, 5, 7, 97, 211
List the prime factors of 22831938.
2, 3, 59, 21499
What are the prime factors of 1843644?
2, 3, 11, 13967
List the prime factors of 867647.
11, 78877
List the prime factors of 1913851.
19, 263, 383
What are the prime factors of 16314299?
37, 67, 6581
What are the prime factors of 38960716?
2, 19, 512641
What are the prime factors of 78876?
2, 3, 7, 313
What are the prime factors of 2129994?
2, 3, 73, 1621
List the prime factors of 196285.
5, 37, 1061
What are the prime factors of 325558?
2, 162779
What are the prime factors of 17589148?
2, 4397287
What are the prime factors of 1265785?
5, 253157
List the prime factors of 4849705.
5, 7, 138563
List the prime factors of 1427225.
5, 57089
List the prime factors of 150284.
2, 37571
List the prime factors of 30868.
2, 7717
List the prime factors of 8390357.
593, 14149
List the prime factors of 1378694.
2, 31, 37, 601
What are the prime factors of 8100626?
2, 53, 76421
List the prime factors of 747088.
2, 53, 881
What are the prime factors of 2863103?
109, 26267
What are the prime factors of 336692?
2, 41, 2053
What are the prime factors of 2115936?
2, 3, 31, 79
What are the prime factors of 125989?
19, 349
List the prime factors of 5377.
19, 283
What are the prime factors of 291155?
5, 58231
List the prime factors of 188645.
5, 29, 1301
What are the prime factors of 11234057?
1259, 8923
List the prime factors of 3434132.
2, 13, 66041
What are the prime factors of 3456418?
2, 7, 239, 1033
List the prime factors of 2911562.
2, 1455781
What are the prime factors of 872855?
5, 174571
What are the prime factors of 420028?
2, 7, 2143
What are the prime factors of 3934060?
2, 5, 13, 15131
List the prime factors of 952382.
2, 31, 15361
What are the prime factors of 1461023?
1123, 1301
List the prime factors of 711478.
2, 43, 8273
List the prime factors of 525587.
79, 6653
List the prime factors of 2426838.
2, 3, 601, 673
What are the prime factors of 6100933?
29, 79, 2663
What are the prime factors of 1808034?
2, 3, 29, 10391
List the prime factors of 4463090.
2, 5, 446309
List the prime factors of 384969.
3, 13, 9871
List the prime factors of 193389.
3, 7, 9209
What are the prime factors of 165526?
2, 82763
List the prime factors of 11176773.
3, 3725591
List the prime factors of 283614.
2, 3, 47269
What are the prime factors of 321693?
3, 157, 683
What are the prime factors of 275942?
2, 281, 491
List the prime factors of 31208599.
31, 127, 7927
What are the prime factors of 10392761?
647, 16063
List the prime factors of 164945.
5, 11, 2999
What are the prime factors of 99095?
5, 19819
What are the prime factors of 6690860?
2, 5, 11, 17, 1789
List the prime factors of 6786852.
2, 3, 565571
List the prime factors of 3636720.
2, 3, 5, 5051
What are the prime factors of 2784?
2, 3, 29
List the prime factors of 1289030.
2, 5, 128903
List the prime factors of 51114.
2, 3, 7, 1217
What are the prime factors of 112030?
2, 5, 17, 659
List the prime factors of 243353.
11, 22123
What are the prime factors of 18533759?
19, 487, 2003
List the prime factors of 5110514.
2, 37, 69061
List the prime factors of 310416.
2, 3, 29, 223
What are the prime factors of 912425?
5, 36497
What are the prime factors of 35013?
3, 11, 1061
List the prime factors of 2623257.
3, 7, 13, 3203
What are the prime factors of 1901404?
2, 475351
What are the prime factors of 1634440?
2, 5, 29, 1409
What are the prime factors of 157236?
2, 3, 13103
List the prime factors of 5997980.
2, 5, 499, 601
What are the prime factors of 882052?
2, 220513
What are the prime factors of 2841655?
5, 43, 13217
List the prime factors of 6053417.
373, 16229
List the prime factors of 1984363.
1984363
List the prime factors of 741146.
2, 7, 167, 317
What are the prime factors of 13368176?
2, 835511
What are the prime factors of 15127671?
3, 13, 17, 22817
List the prime factors of 6932078.
2, 577, 6007
What are the prime factors of 390091?
13, 37, 811
What are the prime factors of 18834604?
2, 61, 77191
List the prime factors of 1318410.
2, 3, 5, 19, 257
List the prime factors of 5158626.
2, 3, 11, 47, 1663
What are the prime factors of 117867?
3, 101, 389
List the prime factors of 74644.
2, 18661
What are the prime factors of 294729?
3, 17, 5779
List the prime factors of 1478664.
2, 3, 11, 1867
What are the prime factors of 10453089?
3, 59, 73, 809
What are the prime factors of 2301570?
2, 3, 5, 107, 239
What are the prime factors of 808579?
808579
List the prime factors of 119501.
73, 1637
List the prime factors of 1621255.
5, 324251
What are the prime factors of 14321865?
3, 5, 139, 6869
What are the prime factors of 1811081?
1811081
List the prime factors of 73283.
7, 19, 29
List the prime factors of 792551.
792551
List the prime factors of 3175915.
5, 307, 2069
List the prime factors of 240886.
2, 43, 2801
List the prime factors of 141657.
3, 23, 2053
List the prime factors of 944529.
3, 359, 877
List the prime factors of 3772203.
3, 19, 66179
List the prime factors of 321985.
5, 71, 907
List the prime factors of 10324606.
2, 5162303
List the prime factors of 3565078.
2, 11, 347, 467
What are the prime factors of 314060?
2, 5, 41, 383
List the prime factors of 4692780.
2, 3, 5, 29, 31
What are the prime factors of 88388?
2, 19, 1163
List the prime factors of 233252.
2, 58313
What are the prime factors of 6360753?
3, 7, 499, 607
What are the prime factors of 6266646?
2, 3, 101, 383
List the prime factors of 632662.
2, 19, 16649
List the prime factors of 1136448.
2, 3, 1973
List the prime factors of 1139644.
2, 11, 59, 439
What are the prime factors of 250085?
5, 11, 4547
List the prime factors of 3271018.
2, 1635509
What are the prime factors of 450346?
2, 13, 17321
What are the prime factors of 335485?
5, 229, 293
List the prime factors of 20400130.
2, 5, 347, 5879
What are the prime factors of 766549?
7, 109507
What are the prime factors of 4422541?
389, 11369
List the prime factors of 3410237.
3410237
List the prime factors of 633214.
2, 137, 2311
What are the prime factors of 7438858?
2, 7, 531347
List the prime factors of 4852673.
7, 163, 4253
What are the prime factors of 1494959?
479, 3121
List the prime factors of 19472241.
3, 47, 138101
List the prime factors of 1382106.
2, 3, 11, 43, 487
What are the prime factors of 14921447?
31, 15527
List the prime factors of 164678.
2, 82339
List the prime factors of 348124.
2, 7, 12433
List the prime factors of 140711.
37, 3803
List the prime factors of 2264764.
2, 23, 103, 239
What are the prime factors of 240779?
7, 11, 53, 59
List the prime factors of 7474842.
2, 3, 46141
What are the prime factors of 14479336?
2, 1809917
What are the prime factors of 26146364?
2, 6536591
What are the prime factors of 652082?
2, 571
What are the prime factors of 920368?
2, 23, 41, 61
What are the prime factors of 2324414?
2, 37, 101, 311
List the prime factors of 10197775.
5, 7, 19, 3067
List the prime factors of 2425760.
2, 5, 15161
List the prime factors of 29767832.
2, 19, 37, 67, 79
List the prime factors of 366138.
2, 3